Determine n(0).
3
Let q(g) = -g**2 - 9*g - 17. Give q(-7).
-3
Let m(h) = 13*h - 6. Determine m(-3).
-45
Let t(b) = -6*b + 7. Determine t(5).
-23
Let t(r) = -r + 1. Give t(-8).
9
Let n(w) = -16*w - 263. Calculate n(-16).
-7
Let v(f) = 4*f**2 - 6*f + 4. Calculate v(4).
44
Let o(p) = 3*p**3 - p**2 + 2*p. Calculate o(-2).
-32
Let a(u) = u - 11. Calculate a(15).
4
Let g(p) = 2*p**3 + 13*p**2 + 18*p - 2. Give g(-4).
6
Let b(l) = 13*l**2 + 12. Calculate b(-4).
220
Let u(c) = -c**2 - 7*c + 5. Calculate u(-7).
5
Let z(p) = 2*p**2 + 28*p - 28. What is z(-13)?
-54
Let o(d) = -d**2 + 5*d + 6. Give o(7).
-8
Let d(i) = i + 15. Give d(0).
15
Let f(m) = 4*m + 10. Give f(-10).
-30
Let o(i) = 32*i + 48. What is o(-2)?
-16
Let o(u) = -u - 1. What is o(2)?
-3
Let i(v) = -v**3 + 24*v**2 - 27*v + 95. Give i(23).
3
Let s(g) = -g**3 - 3*g**2 + g. Determine s(-3).
-3
Let d(u) = u**3 + 8*u**2 + 6. Calculate d(-8).
6
Let w(k) = k**3 + 4*k**2 - 2*k + 7. What is w(-5)?
-8
Let k(j) = 4*j. Determine k(-2).
-8
Let o(s) = -3*s + 33. What is o(12)?
-3
Let f(p) = -p**3 - 8*p**2 - p - 3. What is f(-8)?
5
Let j(a) = -a**3 - 20*a**2 + 42*a - 27. Calculate j(-22).
17
Let g(b) = -4*b + 53. Determine g(9).
17
Let f(x) = x**3 + 5*x**2 - 15*x - 5. Determine f(-6).
49
Let x(q) = 79*q - 1021. Calculate x(13).
6
Let k(l) = -2*l**2 + 16*l - 1. Give k(5).
29
Let y(g) = g**3 + 16*g**2 + 13*g - 17. Determine y(-15).
13
Let p(c) = c**3 + 4*c**2 - 8*c - 9. Calculate p(-5).
6
Let m(l) = -2*l**2 - 3*l + 9. Determine m(-4).
-11
Let l(t) = 6*t - 34. Give l(6).
2
Let h(k) = k + 9. Give h(15).
24
Let r(f) = -f**3 - 4*f**2 + 16*f - 36. Give r(-7).
-1
Let b(p) = -p**3 - 4*p**2 - 3*p + 3. Determine b(-3).
3
Let z(v) = 5*v + 54. What is z(-16)?
-26
Let q(i) = -112*i + 762. Determine q(7).
-22
Let l(v) = 30*v - 206. Calculate l(7).
4
Let f(q) = -9*q + 154. Determine f(15).
19
Let z(p) = 19*p - 50. Calculate z(6).
64
Let y(m) = -m**3 + 4*m**2 - 15*m + 39. Calculate y(4).
-21
Let o(f) = -3*f**3 - 3*f**2 + f - 3. Calculate o(-2).
7
Let a(l) = 42*l + 377. Determine a(-9).
-1
Let d(p) = -4*p**3 + 10*p**2 - 3*p + 4. Determine d(2).
6
Let y(s) = -3*s - 20. Calculate y(-6).
-2
Let g(t) = t**3 + 8*t**2 + 6*t - 4. Give g(-7).
3
Let l(b) = b + 18. Calculate l(-10).
8
Let d(s) = 40*s**3 + 2*s**2 - 1. What is d(1)?
41
Let r(a) = 2*a**2 - a + 3. Determine r(-3).
24
Let y(c) = -c**2 + 15*c - 4. Calculate y(14).
10
Let i(p) = 2*p - 4. Give i(8).
12
Let s(d) = d**2 + 3*d + 10. Give s(-7).
38
Let h(g) = -g**3 + 8*g**2 - 8*g + 6. Give h(5).
41
Let h(j) = -j**2 + 2*j + 1. What is h(-6)?
-47
Let q(n) = n**3 + n**2. Give q(2).
12
Let p(l) = 8*l + 201. Give p(-23).
17
Let b(t) = -2*t - 26. What is b(-12)?
-2
Let j(f) = -f**2 + 10*f - 13. Determine j(9).
-4
Let h(l) = 2*l**2 + l - 40. Calculate h(4).
-4
Let i(g) = -9*g - 10. Give i(-5).
35
Let t(k) = -k**3 + 17*k**2 + 19*k - 40. Calculate t(18).
-22
Let g(y) = 20*y + 147. Determine g(-8).
-13
Let g(m) = 3*m + 6. Calculate g(-11).
-27
Let x(o) = -12*o + 13. Give x(6).
-59
Let z(v) = -v**2 - 1. Determine z(-2).
-5
Let j(k) = -k**3 - 4*k**2 + 5*k - 6. Give j(-6).
36
Let v(o) = o**2 + 4*o + 2. Give v(-3).
-1
Let l(s) = 4*s + 46. Give l(-11).
2
Let s(v) = -v**2 + 10*v - 11. Determine s(7).
10
Let h(m) = -m**3 - 7*m**2 - 7*m - 11. Calculate h(-6).
-5
Let m(p) = -p**2 + 3*p + 1. Determine m(2).
3
Let m(d) = -d**3 + 5*d**2 - 5*d - 4. Determine m(4).
-8
Let a(p) = -p**2 - 7*p - 4. What is a(-4)?
8
Let f(g) = -g**3 - 39*g**2 - 36*g + 77. What is f(-38)?
1
Let m(o) = 2*o**2 - 10*o - 22. What is m(-2)?
6
Let x(t) = -2*t**2 - 5*t + 30. Determine x(-5).
5
Let j(m) = m**2 + 11*m + 15. Determine j(-12).
27
Let u(b) = 2*b**2 - 14*b + 15. Give u(1).
3
Let x(y) = y**3 - 7*y**2 + y + 2. Calculate x(6).
-28
Let f(c) = -2*c + 10. Give f(-12).
34
Let h(x) = -x**3 + 6*x**2 - 13*x + 74. Determine h(6).
-4
Let v(s) = 4*s**2 - 14*s + 13. Give v(1).
3
Let r(f) = -3*f**2 - 9*f + 2. Determine r(-8).
-118
Let v(h) = 5*h - 5. Give v(11).
50
Let m(o) = o**3 + 14*o**2 - 38*o - 87. What is m(-16)?
9
Let q(o) = o**3 - 7*o**2 - 15*o - 33. Give q(9).
-6
Let h(a) = a**3 + a**2 - 5*a - 4. Give h(4).
56
Let r(m) = m**3 + m**2 - 5*m + 5. Give r(2).
7
Let d(f) = f - 18. Give d(-25).
-43
Let b(v) = -v**2 - 15*v - 14. Give b(-6).
40
Let h(v) = -4*v - 35. Give h(-12).
13
Let x(m) = m**3 + m - 30. Determine x(0).
-30
Let i(k) = k**2 - 10*k + 16. Determine i(6).
-8
Let v(y) = -4*y**3 + 2*y**2 + 3*y + 4. What is v(-3)?
121
Let s(t) = -t**3 - 12*t**2 + 2*t + 8. Give s(-12).
-16
Let h(x) = -x**2 + 19*x + 217. What is h(27)?
1
Let b(h) = -2*h + 13. What is b(-10)?
33
Let k(l) = l**2 - 13*l - 13. Determine k(12).
-25
Let w(j) = -2*j**2 + 15*j - 12. Calculate w(7).
-5
Let h(u) = 2*u**2 - 8*u + 17. What is h(5)?
27
Let x(q) = q**3 - 15*q**2 + 15*q + 2. Calculate x(14).
16
Let t(u) = 2*u**3 - u**2 - 2. Give t(0).
-2
Let w(k) = -6*k**2 - 94*k - 57. Determine w(-15).
3
Let i(v) = v**2 + 9*v + 14. Calculate i(-6).
-4
Let v(y) = -y**2 - 3*y + 10. Determine v(-5).
0
Let x(s) = -s**2 + 13*s + 30. Determine x(-6).
-84
Let t(c) = -2*c**2 - c - 1. What is t(-2)?
-7
Let o(j) = 2*j + 13. Determine o(-11).
-9
Let q(r) = 2*r + 6. Give q(-3).
0
Let q(u) = u**2 + 9*u - 14. Determine q(-11).
8
Let m(v) = -v**2 - 25*v + 26. Calculate m(-27).
-28
Let v(f) = -6*f**2 - 36*f + 2. Determine v(-6).
2
Let i(c) = -c**2 - 22*c + 27. Calculate i(-11).
148
Let u(o) = -3*o + 12. Determine u(4).
0
Let a(r) = -r**2 + 5*r + 3. Calculate a(5).
3
Let k(n) = n**2 - 11*n + 22. Determine k(5).
-8
Let u(h) = -3*h**2 + 3. Calculate u(-2).
-9
Let l(a) = -5*a + 1. Give l(-5).
26
Let p(i) = -i**3 - 5*i**2 + 4*i + 33. Give p(-4).
1
Let v(p) = p**3 - 19*p**2 + 50*p - 16. What is v(16)?
16
Let x(b) = -8*b**3 + 2*b**2 + 2*b + 1. What is x(-1)?
9
Let a(n) = n**2 + 5*n - 13. Give a(4).
23
Let m(f) = -f**3 - 8*f**2 - f - 1. Determine m(-6).
-67
Let k(l) = l**3 - l**2 - l + 99. What is k(0)?
99
Let r(i) = -i**2 - 2. What is r(2)?
-6
Let j(x) = -12*x - 7. Calculate j(1).
-19
Let k(m) = m**3 - 6*m**2 - 7*m + 9. Give k(5).
-51
Let k(y) = -y**3 + 19*y**2 - 17*y - 10. What is k(18)?
8
Let d(g) = -2*g**3 + 2*g - 4. Calculate d(3).
-52
Let i(c) = -2*c - 3. Calculate i(-5).
7
Let b(u) = -u - 23. Give b(-4).
-19
Let n(m) = 6*m**3 - 2*m**2 - 1. Determine n(-2).
-57
Let a(h) = 2*h**2 + 3*h - 5. Calculate a(-4).
15
Let z(q) = -59*q**3 - 4*q**2 - q + 1. Calculate z(-1).
57
Let b(u) = u**3 - u**2 + 1. Calculate b(2).
5
Let l(f) = f - 13. Calculate l(10).
-3
Let i(h) = 11*h. Give i(-2).
-22
Let a(n) = 7*n**2 - 3*n + 1. What is a(2)?
23
Let f(k) = k**3 + 9*k**2 + 3. What is f(-9)?
3
Let i(o) = o**3 - 20*o**2 + 102*o - 28. Determine i(10).
-8
Let m(b) = -b**3 - 10*b**2 + 28*b + 7. Give m(-12).
-41
Let x(h) = -h**2 + 6*h - 12. What is x(5)?
-7
Let b(u) = u**3 - 6*u**2 - 5*u + 11. What is b(7)?
25
Let a(z) = z + 48. Give a(-24).
24
Let u(p) = -p**2 + 4*p + 192. Determine u(16).
0
Let f(d) = -d**3 + 12*d**2 - 22*d + 134. Calculate f(11).
13
Let l(r) = -r**3 + 29*r**2 - 25*r - 4. Calculate l(28).
80
Let c(r) = -r**2 + 16*r - 43. Calculate c(12).
5
Let y(l) = l**3 - l**2 - 7. Give y(0).
-7
Let m(y) = -y**3 - 7*y**2 + 2*y + 1. What is m(-8)?
49
Let x(s) = -s**3 - s + 9. Determine x(0).
9
Let l(h) = -10*h + 1. Give l(3).
-29
Let x(j) = 2*j**2 + 2*j - 4. Determine x(-4).
20
Let t(h) = 2*h**2 + 10*h - 23. Determine t(-7).
5
Let l(c) = c + 1. Determine l(3).
4
Let k(m) = -2*m**2 - 9*m + 14. Determine k(5).
-81
Let v(h) = -55*h + 4. What is v(-1)?
59
Let l(t) = -t**3 - 10*t**2 - 10*t - 12. Give l(-9).
-3
Let x(g) = -g**3 - 12*g**2 + 24*g - 45. Give x(-14).
11
Let f(s) = -s**3 - 2*s**2 - 8*s + 7. What is f(0)?
7
Let d(s) = s**3 + s. Give d(-2).
-10
Let q(r) = r**3 - 3*r**2 + 5*r - 3. What is q(3)?
12
Let k(q) = 7*q - 8. Determine k(4).
20
Let o(t) = 5*t - 148. Give o(31).
7
Let o(d) = d**3 + 5*d**2 + 5*d - 7. Give o(-6).
-73
Let z(u) = -11*u - 404. Determine z(-35).
-19
Let t(m) = -m**3 + 9*m**2 - 12*m - 45. Give t(6).
-9
Let u(g) = 9*g - 858. Give u(95).
-3
Let v(u) = -u**3 - 21*u**2 - 42*u - 81. Give v(-19).
-5
Let y(f) = -f**2 + 25*f + 106. Give y(28).
22
Let o(t) = t**3 + 2*t - 23. Give o(0).
-23
Let b(q) = -8*q - 207. What is b(-29)?
25
Let j(c) = 3*c + 5. Give j(-3).
-4
Let t(b) = -b**2 - 13*b - 35. 